s divided by v(x)?
4
Let w(k) = k**2 + 118*k - 2982. Calculate the remainder when w(27) is divided by 114.
21
Let s(c) = -15*c + 49. Let v be s(3). Suppose v*g - 2*a = 294, 4*g + 0*a = 5*a + 303. What is the remainder when g is divided by 19?
15
Let u(g) = -5*g - 3. Let d = 520 - 263. Suppose o + 2*j = -2*o + d, 340 = 4*o + 4*j. What is the remainder when o is divided by u(-5)?
21
Suppose -19*m - 2 = -18*m. Let r be ((-20)/(-50))/(m/(-430)). Calculate the remainder when 38 is divided by (-8 - -2)/12 - r/(-4).
17
Let g be ((-62)/10 - -5)/((-21)/280). What is the remainder when 32 is divided by (-20)/(g/(-4) - -2)?
2
Suppose -9*u + 105 = -2*u. Suppose -u*w + 8712 = 2382. What is the remainder when w is divided by 107?
101
Suppose -549 = 3*g - 4*g - 5*t, -g + 567 = 2*t. Calculate the remainder when g is divided by 150.
129
Suppose -223*d = 333 - 1225. What is the remainder when 324 is divided by d?
0
Let w be (40/6)/((-58)/(-609)). Let n = w - 19. Calculate the remainder when 200 is divided by n.
47
Let r(k) = -8*k**3 + 3*k**2 + k - 1. Let z be r(-1). Let q = z - 9. Suppose 9*t - 11*t + 72 = q. What is the remainder when t is divided by 15?
6
Let m = 12190 + -19793. Let o = m - -3781. Calculate the remainder when o/54*-1 + (-4)/(-18) is divided by 19.
14
Suppose -11*a - 308 = -21*a - 78. Calculate the remainder when 283 is divided by a.
7
Suppose 4140 = 100*a - 860. Calculate the remainder when 125 is divided by a.
25
Suppose -2*v + 181 - 7 = 3*j, 4*j + 3*v - 232 = 0. Calculate the remainder when 113 is divided by j.
55
Let s = -21122 - -21403. What is the remainder when s is divided by 257?
24
Suppose 3*b = -5*j + 15 + 16, -3*j + 23 = 4*b. Suppose b*f = 12*f - 150. What is the remainder when f is divided by 6?
3
Suppose 5*z - 6556 = -2*w, 3*w - 19 = -10. What is the remainder when z is divided by 69?
68
Let o(s) = s**3 - s**2 - 2*s - 2. Let q be o(2). Let p be -27*(0 - (-2 + 0))/q. Let j = p + -9. What is the remainder when 35 is divided by j?
17
Let d(i) = -2472*i - 12217. What is the remainder when d(-8) is divided by 21?
20
Let l = 98 + 75. Let y = 190 - l. Calculate the remainder when 149 is divided by y.
13
Let w be (-1 - 1088)*16*(-12)/(-288). Suppose 2*m + 21 + 5 = 0. What is the remainder when w/m - 24/(-156) is divided by 15?
11
Suppose 568 = 2*p + 4*c, -24*p + 278 = -23*p + c. Calculate the remainder when p is divided by 262.
10
Calculate the remainder when (32368/(-357))/(3/(-9)) is divided by 21.
20
Let x(n) = -39*n + 156. Let d be x(12). Let m = d + 383. Calculate the remainder when m is divided by 15.
11
Suppose 346 = 10*u - 304. Calculate the remainder when u is divided by (-17)/((-4)/(16/4)).
14
Suppose 5*m + 40 = -10. Let i(q) = -8*q - 43. Suppose 80 = c - 2*a, c - 5*a - 10 - 85 = 0. What is the remainder when c is divided by i(m)?
33
Suppose m = -i + 17, -3*m + 4*i + 75 = -i. Suppose 4*z = -3*y + 150, 20 = z + 2*y - m. Let w = 92 - z. What is the remainder when w is divided by 30?
26
Suppose 259*m - 255*m - 784 = 2*i, -3*m + 3*i + 600 = 0. What is the remainder when m is divided by 1?
0
Suppose 212*g - 4320 = 167*g. Calculate the remainder when 8927 is divided by g.
95
Let n(i) = 20*i**2 + 70*i + 72. What is the remainder when 3781 is divided by n(-1)?
19
Let h(p) = 11*p - 39. Let z(t) = -44*t + 154. Let r(s) = 9*h(s) + 2*z(s). Calculate the remainder when 95 is divided by r(5).
11
Let o = -5 - 3. Let h be (4/o)/((-3)/36). Suppose 11*a - h*a = 310. What is the remainder when a is divided by 22?
18
Suppose 4*o - 8530 - 2293 = -3*t, 3*t - o = 10828. Calculate the remainder when t is divided by 86.
83
Let u = 35454 - 35342. What is the remainder when 1349 is divided by u?
5
Calculate the remainder when 1990 is divided by 40 + (-2 + -4 + 6)/(-2).
30
Calculate the remainder when 426 is divided by (30/4)/(-33*(-27)/4158).
6
Suppose 9*a - 10*a = -103. Suppose 187 - a = 3*o. Calculate the remainder when 82 is divided by o.
26
Let t be 21 - 1 - 20/5. Calculate the remainder when 8/(-3)*(-840)/t is divided by 152/12 + (-3)/(-9).
10
What is the remainder when 826 is divided by 2/(-5) + (-4)/42 + (-384138)/(-945)?
14
Let u = -12 + -6. Suppose -9*h + 4*o = -6*h + 34, 5*h + 4*o = 82. Calculate the remainder when (22/(-3))/(4/u) is divided by h.
3
Suppose 24*z - 11028 - 947 - 4753 = 0. What is the remainder when z is divided by 7?
4
Suppose -q + 2*i + 11 = 0, 4*q - 99 = -102*i + 99*i. What is the remainder when 270 is divided by q?
18
Let t(h) = 534*h - 1476. Calculate the remainder when t(3) is divided by 65.
61
Let z be (66/9 + -6)*(10 - 1). What is the remainder when (-2)/6 - (-1064)/6 is divided by 35 + (-9 + z - -7)?
42
Let d(v) = 96*v**2 + 53*v + 52. What is the remainder when d(-1) is divided by 61?
34
Suppose 13*v + 6830 = 10431. Calculate the remainder when v is divided by 5.
2
Let f = 1794 + -1463. Calculate the remainder when 1334 is divided by f.
10
Let m(j) = -4*j**3 - 37*j**2 + 7*j + 30. Let a be m(-11). Suppose a = 4*c + o, 9*o - 14*o = 0. Calculate the remainder when c is divided by 29.
26
Suppose 0 = -278*p - 9177 + 27247. Calculate the remainder when 470 is divided by p.
15
Suppose -4*d = 3*j - 33 - 34, 0 = -5*d + 20. Suppose 8*m - j*m = -243. What is the remainder when 78 is divided by m?
24
Let l(i) = -46*i - 1. Suppose -2498*q + 2430*q + 1088 = 0. What is the remainder when l(-2) is divided by q?
11
Let c(x) = -24 + 2 - 13*x + 2 + 9. Let r = -11 - -5. What is the remainder when c(r) is divided by 17?
16
Suppose 25*c = 119084 + 15216. Calculate the remainder when c is divided by 168.
164
Let n = -455 + 461. Suppose 0 = n*z - 510 - 18. What is the remainder when 702 is divided by z?
86
Suppose p - 28 - 30 = 11*u, 864 - 864 = u. Calculate the remainder when 158 + 2/1 + 0 is divided by p.
44
Let v = -43 - -231. Suppose 5*q - q - v = 0. Let i = 112 - q. What is the remainder when i is divided by 22?
21
Let k = 4315 - 4212. What is the remainder when 368 is divided by k?
59
Let d(x) be the third derivative of -x**6/24 - 4*x**5/5 + x**4/2 - 2*x**3 - 80*x**2. Calculate the remainder when 267 is divided by d(-10).
63
Let p be 5396/29 + (-10)/145. Suppose 3*f = -5*b + p + 386, -2*f = -3*b - 375. Calculate the remainder when f is divided by 50.
39
Suppose 4*r + 5*l - 488 = 0, 48*r - 43*r - 4*l - 610 = 0. What is the remainder when 601 is divided by r?
113
Let h = -474 + 490. Let j be 115/(-20) + (-1)/4. What is the remainder when (-6)/4*248/j is divided by h?
14
Suppose 3609 = 51*r - 12. What is the remainder when 85 is divided by r?
14
Suppose 0 = 2*s - 6, 4*d + 1769 = 5*d + 5*s. What is the remainder when d is divided by 583?
5
What is the remainder when 31 + 22890/133 + (-2)/19 is divided by 10?
3
Suppose 0 = 76*w + 61*w + 4055 - 14193. Calculate the remainder when 2884 is divided by w.
72
Suppose -205 = -n - 3*u, 53*n + u = 49*n + 798. What is the remainder when n is divided by 102?
97
Suppose 2*l = 6*l. Suppose 4*t - 41 = 2*n + 383, l = -2*t - 3*n + 212. Let i = 4090 - 4035. What is the remainder when t is divided by i?
51
What is the remainder when (-54)/(-270) + (-569)/(-5) is divided by 111?
3
Let b(p) = -p**2 - 6*p + 3. Let q = -169 - -486. Let j = q + -303. What is the remainder when j is divided by b(-6)?
2
Let m(r) = 4*r**2 - 4*r - 2. Let c be m(8). Let y = 254 - c. Calculate the remainder when y is divided by 2.
0
Let o = 482 - 754. Calculate the remainder when (-4)/18 - (o/9 - -4) is divided by 22.
4
Let d = 21283 + -20431. Calculate the remainder when d is divided by 6.
0
Calculate the remainder when 535 is divided by 10/8*6/(-15)*-150.
10
Let m = 1497 + -651. Suppose -29*j + 3311 - m = 0. Calculate the remainder when j is divided by 43.
42
Let p = 7276 + -7139. What is the remainder when 270 is divided by p?
133
Suppose 4*g = -5*i + 5*g + 206, 4*g = -2*i + 78. Suppose -3*t + 20 = v - 17, 3*t - 32 = -2*v. Calculate the remainder when i is divided by t.
13
Let b be (-41)/((-1)/4 - 0). What is the remainder when 135 + ((-3)/1 - -5) is divided by b/6 + (-14)/(-21)?
25
Calculate the remainder when 2827 is divided by ((-10360)/(-925))/((-3)/6 + (-18)/(-20)).
27
What is the remainder when 709 is divided by 0 + (117 - (-9 - -3))?
94
Let i = -176 - -386. Let w = -170 + i. What is the remainder when w is divided by 6?
4
L